 = 3*y, 0 = 4*y - 4*w - 416. What is the highest common factor of 34 and y?
34
Let f be 392991/202 + 9/(-6). What is the highest common divisor of 135 and f?
27
Suppose 2*a + 2*c = 30, -3*a + a = -5*c - 58. Let n be -2 + 3273/9 + (-6)/9. What is the highest common divisor of a and n?
19
Let h be ((-4)/(12/63))/(12/32). Let s be (9 + 81/(-21))*h/(-2). What is the highest common factor of s and 18?
18
Let f be (893/(-95))/(3/(-30)*2). Suppose 15*o - 12*o - f = 2*w, 3*w = -5*o + 91. What is the highest common factor of 425 and o?
17
Let z = 432 + -298. Let p = -77 + z. Calculate the greatest common factor of p and 285.
57
Suppose -f + 27 = 4*q - q, -91 = -3*f - 4*q. Suppose 12*a = 229 + 695. What is the greatest common divisor of f and a?
11
Let x be (82 - 72)/((-4)/22). Let v = 83 + x. Let i(d) = 69*d**2 - d. Let a be i(-1). Calculate the greatest common factor of v and a.
14
Suppose 10*v - 170 = 640. What is the greatest common factor of v and 117?
9
Suppose -19*q + 132 = 3*q. Suppose q = c - 9. Suppose 5*i + 16 - 46 = 0. Calculate the greatest common divisor of c and i.
3
Suppose -6*q + 4*f = -9912, 4*q - f + 2689 = 9287. Calculate the highest common factor of q and 48.
16
Let f = 35 + -18. Let r = 1170 - 813. Suppose -34*h - r = -41*h. Calculate the highest common factor of f and h.
17
Let o = 200 + -198. Suppose o*b - h = 229, h - 239 = -0*b - 2*b. Suppose -5*u + 80 = 15. What is the highest common factor of u and b?
13
Let z be (-4)/(-2)*(1 + 44 + -3). Let o be -9 - -2 - (-7 - z). Calculate the greatest common factor of 120 and o.
12
Suppose -1506*z + 3381 = -1478*z - 1267. Calculate the highest common divisor of z and 6806.
166
Let d(a) = a**3 - 19*a**2 - 21*a + 19. Let f be d(20). Let n be (1 - (f + -10)) + (11 - 7). Calculate the greatest common divisor of n and 464.
16
Suppose -32*s + 29*s = 3*k - 2925, -3900 = -4*s - 2*k. What is the highest common divisor of 600 and s?
75
Let o = 64 + -55. Suppose -o*k + 45 = 9. What is the greatest common divisor of 8 and k?
4
Let r(v) = 11*v**2 + 4*v - 27. Let g(b) = 14*b - 117. Let n be g(8). Let m be r(n). What is the greatest common factor of m and 24?
12
Suppose -342 = -16*j - 2*j. Let h(t) = -2*t**2 + 17*t + 11. Let o be h(8). What is the greatest common factor of j and o?
19
Let s = -2640 + 2648. What is the highest common divisor of s and 260?
4
Suppose 2*o + 43 = -o + g, -2*o + 3*g = 17. Let a(t) = t**2 - 10*t - 26. Let k be a(o). Calculate the greatest common factor of 30 and k.
30
Suppose -47*q = -54*q + 2107. Let s = q - -60. What is the highest common factor of 19 and s?
19
Let f = 10168 + -7774. What is the highest common divisor of 756 and f?
126
Let p(k) = -2*k**3 - 7*k**2 - k + 4. Let z be p(-3). Let t be z/4 + 27*55/30. What is the greatest common factor of 196 and t?
49
Let k be ((-28)/(-4) - -4) + 0. Suppose 0 = -k*q + 16*q - 1015. What is the greatest common factor of q and 29?
29
Let v be ((-64)/(-24))/(10 + (-75548)/7557). What is the highest common divisor of v and 20?
4
Let m(p) = -104*p - 9543. Let n be m(-105). What is the highest common divisor of 45 and n?
9
Suppose 1683*f - 1681*f + 5*q = 106, f - 5*q - 68 = 0. What is the greatest common divisor of f and 3132?
58
Suppose -75*a - 80370 = -206626 - 72194. What is the greatest common factor of 1404 and a?
54
Suppose 0 = 56*g - 58*g + 10. Let q be ((-3)/2 + 1)/(g/(-20)). Suppose -2*f - q*d = -10, 3*f - 4*d = -3 - 3. What is the greatest common divisor of 6 and f?
2
Let r be (-2 - (-20)/6)/(72/270). Suppose 4*j + 18 = -4*z + 2*z, r*j = 4*z - 29. Calculate the greatest common factor of z and 79.
1
Suppose 5*b - 276 = b. Let c = -105872 + 105941. What is the highest common divisor of c and b?
69
Suppose -j - 14 + 7 = -i, 0 = 5*i - 4*j - 38. Suppose -f - i = 4*f, 2*f + 510 = 2*h. What is the highest common factor of 23 and h?
23
Suppose -159438 + 65424 = -38*u + 118178. Calculate the highest common divisor of u and 160.
16
Let i(o) = o**3 - 4*o**2 - 1. Let v be i(3). Let r be -5*8/(-100) + (-146)/v. Let y be ((-84)/r)/((-10)/25). What is the highest common factor of y and 2?
2
Suppose 0 = 20*q + 16952 - 43992. Let z = -1337 + q. Suppose -5*r + 11 + 34 = 0. What is the highest common divisor of z and r?
3
Let w be (-2)/((-12)/16266) + (-10)/(-2). Calculate the highest common factor of w and 97.
97
Let p = -9804 + 9936. What is the greatest common divisor of p and 492?
12
Suppose -l = -2*l + 30. Let z = 190 - 179. Suppose -14*r + z*r + 810 = 0. Calculate the highest common factor of r and l.
30
Let p be (-25)/1 + 16/4. Let z(f) = f**3 + 8*f**2 + 8*f + 7. Let v be z(-6). Let x = v - p. What is the greatest common factor of 13 and x?
13
Let l = -2544 - -2569. What is the highest common factor of l and 245?
5
Let u be (3/4)/(-3) - 87/(-12). Suppose 7*i - 14 = u. Let h be 63*(5 + (-13)/i). Calculate the greatest common divisor of 336 and h.
42
Let y(f) = 2*f**2 + 51*f + 24. Let d be y(-28). Suppose -d*r + 170*r - 4050 = 0. Calculate the highest common divisor of 45 and r.
45
Let k = -1489 - -1521. Let i(w) = 575*w**2 + 1. Let s be i(-1). Calculate the greatest common factor of s and k.
32
Suppose -5*z + v = -117, 76*z + 3*v = 73*z + 81. Calculate the greatest common divisor of 324 and z.
12
Let v = 92 - -163. Suppose -c + 324 = v. What is the greatest common divisor of c and 161?
23
Suppose 0*t + 9 = -t. Let q be -2 + (-3 + 2)*t. Let l be 4*(-25)/10 + (1 - -44). What is the highest common divisor of l and q?
7
Let c = 893 + -823. Suppose 26*q + 15136 = c*q. What is the highest common divisor of 16 and q?
8
Suppose 0 = -2*o + 7*a - 5*a, 0 = -3*o - 2*a. Suppose 2*j - 2*q - 35 + 17 = o, -3*j + 19 = -q. What is the greatest common factor of 8 and j?
1
Suppose -d + 57 + 242 = 4*g, -5 = g. What is the greatest common divisor of d and 473?
11
Let w(f) = -16*f**3 + f**2 + 17. Let s be w(3). Let k be 6/14 + (-26622)/s. What is the greatest common factor of k and 88?
22
Suppose 27707 = -28*i - 40*i + 129571. Calculate the highest common factor of i and 14.
14
Suppose -k + 42 = k - 4*c, -5*k - 2*c = -129. Suppose 0 = -12*q + 5*q + 2275. Calculate the highest common divisor of k and q.
25
Suppose f + 2*c - 1160 = 0, -2 + 30 = 4*c. Calculate the greatest common factor of 54 and f.
6
Let u = 58 - -96. Suppose -4*l = 4*n - 200, -190 + 158 = -4*n. Calculate the highest common factor of l and u.
14
Let i be ((-32)/(-32))/(2/6). Suppose o - 1 - 8 = 0. Suppose -f + 10 - o = 0. Calculate the greatest common divisor of f and i.
1
Suppose 5*x = s - 12, 48 = 5*s + 4*x + 17. Let a be 2 - s - -1 - (2 - 60). Calculate the greatest common factor of a and 72.
18
Let j = -2206 + 2329. Calculate the highest common factor of j and 15.
3
Let d be (1 - -109)*((-2)/4)/((-135)/54). Suppose 5*p - 2726 = 3104. Calculate the greatest common factor of d and p.
22
Let i = 494 - 305. What is the highest common factor of i and 13797?
189
Suppose 12*s + 39 = -417. Let p = 67 + s. What is the highest common factor of 261 and p?
29
Suppose -3 = -5*z + 12, 4*w - z + 31 = 0. Let x be 14/w - (6 + -2). Let j be (x - -1)*(-256)/40. What is the greatest common factor of 8 and j?
8
Suppose -4 = 4*b, 261 = p + 2*b - 77. Let t be 7 + ((-3)/((-24)/3152))/2. Calculate the greatest common divisor of p and t.
68
Let d(x) = 27*x - 22*x + 6*x**2 - 8 + 2*x. Let v be d(6). Calculate the highest common divisor of 50 and v.
50
Suppose 0 = -2*a + a + 5. Let y be ((-1380)/(-50))/(2/a). Suppose -f - i + 494 = y, f = -5*i + 409. Calculate the greatest common factor of f and 39.
39
Suppose -7 = d + 15. Let w = -6 - d. Suppose 0 = 3*q - 11*y + 7*y - 36, -31 = -q - 5*y. What is the highest common divisor of w and q?
16
Suppose -t - 3*u - 2 = -14, t - 10 = -2*u. Let s be 208/t*((-18)/(-12) - 3). Let f be 1/(-6)*s - 1/(-3). Calculate the greatest common divisor of f and 72.
9
Let k be -7*(-14)/441*-9. Let u be k + 14 + -2*(-8)/(-4). Let x be 1 + 30 - (1 + -2). What is the highest common divisor of x and u?
8
Let r = 335 - -625. Calculate the highest common divisor of 180 and r.
60
Let y(d) = -d**3 + d. Suppose 1 = -2*c + 2*m + m, 2*c + 5*m = -9. Let j be y(c). Let b be 640/15*9/j. Calculate the highest common factor of b and 8.
8
Let i = 7213 - 7201. Calculate the highest common divisor of i and 7932